atest common divisor of j and 3.
3
Let r = 41 + 503. Calculate the highest common divisor of r and 68.
68
Suppose 49*p - 459 = 48*p. What is the greatest common divisor of 27 and p?
27
Let g(w) = w**3 + 8*w**2 + 3*w - 3. Let u be g(-8). Let h = u + 188. Calculate the greatest common factor of h and 23.
23
Let i be (0*7/42)/(-2) + 56. What is the greatest common factor of i and 35?
7
Let i(l) = 3*l**2 - 12*l - 21. Let m(j) = -j**2 + 6*j + 10. Let s(d) = 4*i(d) + 9*m(d). Let o be s(-4). Calculate the highest common divisor of 150 and o.
30
Let i(d) = 12*d - 2. Let k be 3 + -3 + (-1 - -2). Let f be i(k). Let o = 16 - f. What is the greatest common divisor of o and 48?
6
Let a(b) = 3*b**2 - b - 140. Let m be a(-7). Let n be (-2)/7 - 198/(-7). Calculate the greatest common divisor of n and m.
14
Let i(z) = z + 82. Let k be i(-18). What is the greatest common factor of 1024 and k?
64
Let n(c) = -c**3 - 11*c**2 - 11*c - 7. Let z be n(-10). Suppose -3*u + 7*u - 8 = 0. Let x be u/(-17) + 477/153. What is the highest common factor of x and z?
3
Let c(t) = t**3 + 15*t**2 + 17*t - 27. Let l be c(-14). Let d = l + 72. What is the highest common factor of d and 12?
3
Suppose 0 = 3*y - h + 3*h - 128, 5*y - 4*h - 184 = 0. Calculate the greatest common factor of 1580 and y.
20
Let n be 7/(9/(-6) - -2). Suppose n*p - 166 = -26. What is the highest common divisor of 2 and p?
2
Suppose -5*f - 10 = -30. Suppose 14*q + 156 = 436. What is the highest common factor of q and f?
4
Let r = 29 + -53. Let t = r + 57. Suppose 5*a - 15 = -0*a. What is the greatest common factor of a and t?
3
Let h = -893 + 1539. Calculate the greatest common factor of 34 and h.
34
Let b(t) = 4*t**2 - 9*t - 3. Let d be b(4). Suppose -d = -k - 4*k. Calculate the highest common factor of k and 40.
5
Suppose -4*k + 2*t + 3*t = -655, 4*k - 2*t = 658. Let i be 6/10 - 792/(-55). What is the greatest common divisor of i and k?
15
Let i(q) = q**3 - 37*q**2 + 40*q - 112. Let c be i(36). Calculate the highest common divisor of c and 200.
8
Let y = 528 + -483. Calculate the greatest common divisor of y and 45.
45
Let u(n) = -11*n + 22. Let b be u(12). Let y be ((-28)/(-8))/(-7) + b/(-4). Calculate the highest common divisor of 3 and y.
3
Suppose -6*g + 1219 = -41. What is the greatest common divisor of g and 60?
30
Let g = 501 + -419. What is the greatest common factor of 205 and g?
41
Let d(q) = 3*q**2 + q + 15. Let p be d(-3). What is the highest common divisor of p and 13?
13
Suppose -4*h + 7*h - 112 = -k, -16 = -4*k. What is the greatest common divisor of h and 228?
12
Suppose 3*p - 145 = -4*y, -3*p - 127 = 62*y - 66*y. Calculate the highest common divisor of y and 34.
34
Suppose 42 = m - 138. Calculate the highest common factor of m and 120.
60
Let c be (-2)/3*(-3)/(-1). Let d = -3 + c. Let a(t) = -t**3 - 3*t**2 + t - 3. Let g be a(d). Calculate the greatest common factor of 7 and g.
7
Let j be -3*142/(-5)*(-110)/(-66). Calculate the greatest common divisor of 639 and j.
71
Let k = 236 + -233. Calculate the highest common factor of k and 81.
3
Suppose -c - g + 2 = 0, -2 = -0*c - 4*c + 2*g. Let m(j) = -20*j + 1. Let z be m(c). Let q = -15 - z. Calculate the greatest common factor of 2 and q.
2
Suppose -4*q + 11 = -13. Let y be (-50)/6 + q/18. Let s be y/10*(-34 - -4). What is the highest common divisor of s and 8?
8
Let i be ((-1155)/(-44))/(1/4). What is the greatest common divisor of 455 and i?
35
Let z(l) = l**3 + 2*l**2 + 2*l - 1. Let m be z(2). Let y(b) = -27*b - 18. Let u be y(-7). Calculate the highest common divisor of u and m.
19
Let k(h) = 4*h + 7. Let f be k(12). Suppose o + 4 = 2*v, 4 = 2*v - 3*o - 0*o. Let s be (44/v - 0)/1. Calculate the highest common divisor of f and s.
11
Let k be -12 - -8 - (-13)/(52/144). What is the greatest common divisor of 136 and k?
8
Let u(q) = q**3 - 3*q**2 + 4*q - 1. Let v be u(3). Suppose 5*o = 1 - v. Let k be 14 + -15 - 10/o. Calculate the highest common factor of 8 and k.
4
Let g be 1/1*28/28. Calculate the greatest common divisor of g and 2.
1
Suppose 0 = j - 10 - 1. Let u be ((-14)/(-4) - 2)/((-6)/(-32)). Let b be (-1)/6*-598 + u/(-12). What is the greatest common factor of b and j?
11
Suppose 2124 - 6979 = -3*q + w, q - 4*w = 1600. Calculate the highest common divisor of q and 60.
60
Let n(z) = z**2 + z + 216. Suppose 6*j - 2*j = 0. Let w be n(j). Suppose -16 = 4*c - w. Calculate the greatest common divisor of 20 and c.
10
Suppose -4*o = 6*o - 2250. What is the highest common factor of 45 and o?
45
Let d be (-4)/6 - (-674)/3. Suppose 0 = 2*q - s + 4*s - 65, -4*q - s = -115. Calculate the highest common divisor of q and d.
28
Suppose -2*p + 15 = 3*p. Let g be (14 - 11)*1/p. What is the greatest common divisor of 3 and g?
1
Suppose l = 2*t + 2*t + 1366, 0 = -2*l + t + 2704. Calculate the highest common divisor of l and 90.
90
Suppose 11*b - 13*b = -16. What is the greatest common divisor of b and 88?
8
Suppose 3*j - 73 = 2*i - 3*i, -4*j + 5*i + 91 = 0. What is the greatest common factor of 84 and j?
12
Let c(s) = -7*s - 29. Let v be (-13 + -1)*9/18. Let f be c(v). What is the highest common factor of 4 and f?
4
Suppose -4*j - 143 = -5*s - 183, -59 = -5*j + 4*s. Let d(m) = -m**3 - 2*m**2 + 2*m - 5. Let t be d(-5). What is the greatest common factor of t and j?
15
Let f be (-12)/(-27) - (1 - 5538/54). What is the greatest common divisor of 663 and f?
51
Let f = 40 + -2. Let a = 6 + f. What is the highest common factor of 4 and a?
4
Let h be (-60)/(-105) - (-31)/7. Suppose h*l + 12 = 182. Calculate the greatest common factor of l and 34.
34
Let o = 23 - 19. Let b be 48 - (1 - (o - 0)). Let c = b + -33. Calculate the highest common divisor of c and 27.
9
Let d(v) = 4*v**2 + 24*v + 36. Let b be d(-21). Calculate the greatest common divisor of 24 and b.
24
Let i be ((-99950)/(-30))/5 - (-6)/9. Calculate the greatest common divisor of i and 58.
29
Let n be -4 - -1*(0 + -3). Let a = n + -9. Let f = a + 29. What is the greatest common divisor of f and 13?
13
Let w(m) = -17*m - 73. Let b be w(-29). Calculate the highest common divisor of b and 45.
15
Let k be (-5 + 153/27)/(4/(-6)). Let z be k + 4 + 4 + 5. Let d be (1/1 + -34)*-4. Calculate the highest common factor of d and z.
12
Let d be ((-19)/(-4) + -5)/(4/(-144)). Calculate the highest common factor of 1089 and d.
9
Let a(t) be the second derivative of t**5/20 - t**4/2 - 2*t**3 + 7*t**2/2 + 3*t. Let b be a(8). Calculate the highest common factor of b and 13.
13
Let y = -1870 + 3124. What is the greatest common divisor of 6 and y?
6
Let v be ((-124)/(-10) - 1) + 2/(-5). Let p(t) = t**2 - 6*t + 8. Let y be p(-9). What is the highest common divisor of v and y?
11
Suppose 1360 = 11*r + 9*r. Calculate the highest common factor of 51 and r.
17
Let h(s) = -2*s + 30. Let a = 20 + -20. Let g be h(a). Let n = 16 - 4. Calculate the highest common factor of n and g.
6
Let r(n) = n - 2*n + 5 + 4*n - 2*n. Let u be r(-5). Suppose 10*x - 6*x - 192 = u. Calculate the highest common divisor of x and 12.
12
Let n be 2/(-9) - (-80416)/126. What is the highest common divisor of 116 and n?
58
Let q(c) = -96*c**3 + c**2 + 2*c + 1. Let h be q(-1). Suppose h*x - 101*x + 145 = 0. What is the greatest common divisor of 145 and x?
29
Let r = 21 - 19. Let l be (-1)/r + 319/22. Calculate the greatest common factor of l and 140.
14
Let j be 4/6 - 406/(-3). Let s be (((-17986)/(-184))/(-23))/((-2)/16). Calculate the highest common divisor of j and s.
34
Let r be (-12)/90 + (-77811)/(-45). Suppose r = 13*c - 0*c. What is the greatest common factor of c and 19?
19
Let k(a) = 4*a + 82. Let g be k(-19). What is the highest common factor of g and 258?
6
Suppose 0 = 4*c + 20, -4*c + 8*c = -4*r + 1312. Calculate the greatest common divisor of 9 and r.
9
Let a(v) = 2*v - 29. Let l be a(-25). Let u = 109 + l. What is the greatest common divisor of u and 15?
15
Let n(z) = -3*z + 6*z - 15 + z + 2*z. Let f be n(4). What is the highest common divisor of f and 9?
9
Let r(w) = w**3 - w**2 + 2. Let d be r(0). Let t be 8 - (d + -3 - -3). Suppose -3 + 45 = t*a. What is the highest common divisor of a and 77?
7
Suppose -7 = -4*p - 3*p. Let a(t) = -t - 2. Let v(b) = -b - 3. Let h(u) = -5*a(u) + 3*v(u). Let x be h(3). Calculate the greatest common facto